ivided by f(-1)?
3
Let b = 163 - 154. Calculate the remainder when 32 is divided by b.
5
Suppose 0 = -k + 19 + 17. Let c(g) = -36*g - 38. What is the remainder when c(-5) is divided by k?
34
Suppose 7*o = 8*o. Suppose 5*d - 21 = -2*p, d - 1 + o = -2*p. Suppose -5*t + 69 = h, -2*h = 2*t - 6*t + 44. Calculate the remainder when t is divided by d.
3
Suppose -139 = 6*l - 415. Calculate the remainder when l is divided by 17.
12
What is the remainder when 173 is divided by (72/20)/3*15?
11
Suppose f + 5*x + 9 = 0, -2*f + 67 = 3*f - 3*x. Suppose 253*q = 251*q + 8. Calculate the remainder when f is divided by q.
3
Suppose -3*y - 333 = 27. Let o = -95 - y. What is the remainder when 96 is divided by o?
21
Let j(o) = -o. Let h(l) = 8*l + 8. Let a(r) = -h(r) - 6*j(r). Calculate the remainder when a(-14) is divided by 12.
8
Let m be (-1)/(-2)*(-5 + 5). Suppose m = 2*n - 13 - 9. Calculate the remainder when 43 is divided by n.
10
Suppose -3 = -2*j + 1. Suppose -2*q + 10 = 0, 2*r + 0*q + 5*q - 29 = 0. What is the remainder when j/(-4) - -3*(-26)/(-12) is divided by r?
0
Let z be -8*(-2)/(-2 + 4). Suppose -z + 2 = -3*i. Let c(v) = -4*v. Calculate the remainder when c(-1) is divided by i.
0
Suppose 0 = -5*a - 3 - 2, -4*p + 3*a = -127. Let w = p - -44. Calculate the remainder when w is divided by 19.
18
Let o(j) = -17*j. Let p be o(-1). Let y = 11 + p. Calculate the remainder when y is divided by 6.
4
Let q = -12 + 7. Let b = 13 + q. Calculate the remainder when 99 is divided by b/(-28) + (-480)/(-14).
31
Suppose m - 1615 = -2*c, 4*c = -4*m + 389 + 6091. What is the remainder when m is divided by 37?
34
Let n = 383 + 119. Calculate the remainder when n is divided by 14.
12
Let o(v) = -23*v**2 - 3*v + 2. Suppose 2*s - 5*p + 8 = -0*p, -4*s - 6 = -5*p. Let q be o(s). Let u = q + 29. Calculate the remainder when 12 is divided by u.
2
Suppose 0 = -5*l + 5*a + 60, -2*l = -7*a + 8*a - 15. Let x(k) = k + 11. Let d be x(-9). Calculate the remainder when l is divided by d*2/((-4)/(-5)).
4
Let r be (22 - (-2 - -2)) + -4. Suppose 2*n = 4*v - 3*n - 30, -r = -4*v - n. Suppose 256 = v*z - 4. Calculate the remainder when z is divided by 18.
16
Suppose 0 = -3*n + 2*p + 42 + 14, 108 = 5*n + 4*p. Let r(m) = m**3 - 8*m**2 + 14*m - 5. Let o = -5 - -11. Calculate the remainder when n is divided by r(o).
6
Suppose 0 = -414*q + 422*q - 656. What is the remainder when q is divided by 14?
12
Suppose -35*r = -26*r - 4203. What is the remainder when r is divided by 67?
65
Let y = 8 + -6. Let j(d) = -d**3 + 3*d**2 + 2*d - 3. Let c be j(3). Suppose -o + 2*x = c*x - 10, -5*o = -y*x - 43. What is the remainder when o is divided by 4?
1
Suppose 0 = -10*j + 7*j + 6. Suppose 0*g + j*g - 3*s - 45 = 0, 0 = 2*s + 6. What is the remainder when 51 is divided by g?
15
Let i(u) = -5*u + 133. What is the remainder when 170 is divided by i(18)?
41
Let v be 1/((-6)/(-36))*(-1 + 0). Let o(a) = 3*a**2 - a - 5. What is the remainder when o(v) is divided by 37?
35
Let x = -232 + 244. What is the remainder when 105 is divided by x?
9
Let m = 1669 - 1085. Calculate the remainder when m is divided by 27.
17
Calculate the remainder when 131 is divided by 3 + 519/15 - 42/70.
20
Let k(h) = -h**3 + 5*h**2 + 3*h + 7. Suppose -5*v + 11 = -189. Let p = -32 + v. What is the remainder when k(5) is divided by p?
6
Let r = 527 + -481. Calculate the remainder when 597 is divided by r.
45
Let c(j) = 3*j**2 + 7*j - 32. Let x(o) = -8*o**2 - 22*o + 96. Let t(y) = 11*c(y) + 4*x(y). What is the remainder when 43 is divided by t(6)?
1
Let r be ((-4)/(-6))/(8/24). Suppose -3*m - r + 10 = 5*z, -z - m = -2. Calculate the remainder when 18 is divided by ((-10)/6)/(z/(-6)).
8
Let z = -2701 + 2724. Suppose -6*p + 2*p + 4 = -d, 4*d - 3*p = 36. Calculate the remainder when z is divided by d.
11
Suppose 3*c + 4*o = -10, o = -0 - 4. Suppose v + 3*v = 5*i + 4, i - 2 = -c*v. Calculate the remainder when v is divided by (-2)/24*-4*3.
0
Let y be 2/2*(-12 - 1). Let o = y - 9. Let n = o + 78. Calculate the remainder when n is divided by 19.
18
Suppose 0 = -0*r + 5*r - 100. Suppose -5*l = 3*q - 222, 4*q - 128 = l + 191. What is the remainder when q is divided by r?
19
Calculate the remainder when 99 is divided by (-53)/(-5) + 72/(-20) + 3.
9
Suppose 1043 + 709 = 8*h. Suppose h = 11*g - 23. What is the remainder when 106 is divided by g?
18
Suppose -3*x = -0*x - 423. Suppose 5*l - x = 144. Let m = l - 30. What is the remainder when 53 is divided by m?
26
Calculate the remainder when (-3)/24 - (7 - (-1988)/(-32)) is divided by 4.
3
Suppose -4*y + 3*m + 103 = 0, -3*m = -y - m + 27. Let k(d) = 50*d**3 - 2*d + 1. What is the remainder when k(1) is divided by y?
24
Let u = -32 + 34. What is the remainder when 87 is divided by (u - 4) + -3 + 35?
27
Let a(x) = -4*x - 7. Let k(n) = -8*n - 14. Let d(l) = -5*a(l) + 3*k(l). What is the remainder when d(-4) is divided by 3?
0
Suppose -10*p - 16*p = -2886. Calculate the remainder when p is divided by 58.
53
Suppose -5*i = -27 - 48. Let c = -13 + i. Suppose -c = -d + 3. What is the remainder when 16 is divided by d?
1
Calculate the remainder when (-11)/((-44)/(-32))*3/(-8) is divided by (-3)/((-2 + 0)/2).
0
Let b(t) = -62*t**3 + t**2 - t. Let q = 2 + -3. Let d be b(q). Suppose d = -0*j + 2*j. Calculate the remainder when j is divided by 18.
14
Let p = -110 - -252. Let h = 404 - 173. Let z = h - p. What is the remainder when z is divided by 23?
20
Suppose -i + 3*i = 8. Suppose -19 - 65 = -i*c. Suppose 13 + 17 = 5*h. What is the remainder when c is divided by h?
3
Let g(f) = 47*f + 335. Calculate the remainder when g(-5) is divided by 8.
4
Suppose 4*y + 3*f = 5218, 2*y - 5*f - 2616 = -3*f. What is the remainder when y is divided by 17?
14
Suppose 2179 = 8*i + 2011. Calculate the remainder when 79 is divided by i.
16
Suppose 35 - 7 = h - u, 0 = -4*u. Let k = 5115 - 5004. Calculate the remainder when k is divided by h.
27
Suppose 2*f = -3*n + 38, 5*n - 5 = -f + 7. What is the remainder when f is divided by 14*18/63 - -9?
9
Suppose 5*f + 24 - 139 = 0. Suppose 5*y + 22 = -4*q, -2*q + 7 - 21 = 4*y. Calculate the remainder when f is divided by (-3 + 4)/(y/(9*-2)).
5
Let l(g) = 5*g**2 + 51*g - 24. Calculate the remainder when l(-11) is divided by 6.
2
Let i(l) be the second derivative of l**5/20 - 17*l**4/12 + 17*l**3/6 - 9*l**2/2 + 5*l. Calculate the remainder when 32 is divided by i(16).
4
Let p = -146 + 209. Calculate the remainder when 185 is divided by p.
59
Let z = 203 - 23. Calculate the remainder when z is divided by 13.
11
Let y(i) = i**3 - 12*i**2 - 9*i - 49. What is the remainder when 11 is divided by y(13)?
2
Let i = -72 + 77. Let r(o) = -o**3 + 7*o**2 - 8*o - 4. Let y(s) = -s**2 + 12*s - 7. What is the remainder when y(9) is divided by r(i)?
2
Let y(o) = o**2 - 18*o - 80. Let u(w) = 12*w**3 + w. What is the remainder when u(1) is divided by y(-4)?
5
What is the remainder when ((-351)/(-45))/(1/10) is divided by 33?
12
Suppose -3*i - 16 - 11 = 0. Calculate the remainder when (4*(-4)/(-16) - -13)*2 is divided by (-30)/(-4)*(-12)/i.
8
Let m = -62 + 66. Suppose 38 = m*n - 286. Calculate the remainder when n is divided by 28.
25
Let b be 9/(27/6) - 0. Suppose -b*u - 3*j + 213 = 0, 3*u - 2*j - 328 = -15. Suppose -t + 6*t = u. Calculate the remainder when t is divided by 11.
10
Let l(h) = -27*h - 1. Suppose 3*p - 8*p - 20 = -2*c, 4*p = -2*c + 2. Let w = 48 + -34. What is the remainder when l(p) is divided by w?
11
Let l = 27 - -38. What is the remainder when l is divided by 4?
1
Let b(j) = -j**2 - 12*j + 6. Let t = 14 + -25. What is the remainder when b(t) is divided by 9?
8
Let o(z) = -3*z**2 + 7*z + 5. Calculate the remainder when 76 is divided by o(0).
1
Let v be 8*(0 - (-1)/(-2)). Suppose 25 = l - 2. What is the remainder when l is divided by 21/(-2)*v/6?
6
Suppose 17*t = 15*t. Suppose t = 6*c + 41 - 155. Calculate the remainder when c is divided by 5.
4
Let a = -36 - -46. What is the remainder when (0 - 641/(-9)) + a/(-45) is divided by 6?
5
Let m(s) = -17*s - 7. Let b(l) = -l - 1. Let r(x) = -4*b(x) + m(x). Let t be r(-2). Let j = t + -19. What is the remainder when 5 is divided by j?
1
Let k(t) = t**3 - 26*t**2 + 43*t + 144. Suppose 9 = -3*r, r + 0 = -d + 6. What is the remainder when k(24) is divided 